)
2
What is the value of (10 - ((-13 - -6) + 7)) + -12 + 9?
7
What is the value of (0 - (11 - -1) - -10 - 8) + 24?
14
Calculate (13 - -6) + (1 - 5 - -1) + -2.
14
(1 - 13) + (66 - 2) + -57
-5
Calculate 8 + (1 - (15 - ((-8 - 0) + 13))).
-1
What is the value of (9 - 10 - 9) + 2 - -24?
16
What is (-6 - -12) + -21 + -5 - (-1 + -7)?
-12
Calculate (-129 - -126) + 3 + -20.
-20
Calculate -2 - -8 - (-18 + 44 + -18 + 18).
-20
Evaluate (1 - (-20 - -9) - 3) + -19 - 8.
-18
Evaluate -10 + 11 + -2 + 7 + -3 + -4.
-1
Evaluate 2 - (15 - -6) - 13.
-32
Calculate -11 - -23 - (15 + -7) - (4 - 21).
21
Calculate 36 - 37 - (-3 + 3).
-1
Calculate -24 + (54 - (6 - -12)).
12
Calculate 122 + -130 - (5 - -1).
-14
232 + -203 - (-2 - -24)
7
Calculate 3 - -2 - (34 + (-40 - -20)).
-9
Calculate 1 - (0 - (15 + -24)).
-8
Calculate (-9 - (7 + -9 + 9 - 6)) + -4.
-14
41 - (25 - (-1 - (-5 - 7)))
27
What is the value of (11 - 25 - -6) + -5 + 3 + 25?
15
What is (-4 + -8 - -4) + 20?
12
What is the value of -8 + 1 - ((-3 - -11) + -9)?
-6
What is 24 + -15 - (-5 - 5 - (-6 - -2))?
15
What is the value of 10 - 6 - (-7 + 1)?
10
-2 - (-1 + -3 + 7 + (8 - 30))
17
Calculate 1 + 16 + (4 + -46 - -31).
6
What is the value of -1 + 0 - (193 + -186)?
-8
What is the value of 2 + -10 + (7 - 4) + -10?
-15
Calculate (4 - -1 - -1) + (9 + -7 - 5).
3
What is -7 - (-12 - (-1 + 3)) - 21?
-14
Calculate 3 - (-2 - 1 - -1 - -8 - 4).
1
Calculate 42 + (-1 - ((-11 - -13) + 7)) + -5.
27
What is 15 - (-7 - (-6 - (-5 - 0))) - 9?
12
Evaluate (8 - (5 - 0) - -4) + 7 + -11.
3
Calculate 8 + 17 + -8 + 1 + -6.
12
What is 29 - (-31 - -32 - -34)?
-6
Calculate 16 + (2 - -9 - 26).
1
What is 144 - 143 - (-1 + 21)?
-19
What is (-14 - -42) + 20 + -24?
24
Evaluate -6 + -2 - -20 - 14.
-2
Evaluate -11 + (-14 - -13) + 7 - (0 + -6).
1
Calculate -3 + (9 - 12) - -5 - -22 - 4.
17
(-1 - -2) + -2 + (-12 + 2 - 6)
-17
Evaluate (-2 - -12) + ((7 - 0) + -22 - 13).
-18
What is 21 + -30 - (4 + -13)?
0
Evaluate -6 - (-28 - (-29 + 16)).
9
What is the value of -20 + (5 - -10) + -7?
-12
What is 21 + -9 - 45 - (1 + -9)?
-25
Calculate -3 - (-26 - -12 - (9 + -1)).
19
(7 - -9) + -5 + -6
5
Evaluate -49 - -2 - (360 - 392).
-15
Calculate -18 + -10 + 35 + (-3 - -1).
5
Evaluate -2 - 6 - (1 + (-19 - 5)).
15
-10 + 2 + (0 - -10) - 11 - -22
13
Evaluate -2 - (4 - 0) - -3 - (-447 + 460).
-16
Evaluate -111 + 65 - (-1 - 15).
-30
Evaluate 6 + 2 + -19 + 4 + (5 - -13).
11
Calculate 25 + (25 + 13 - 58).
5
(-11 + 15 - (-5 + -2)) + (-6 - 0)
5
Calculate -13 + 8 + 5 + (-5 - 2).
-7
What is the value of 0 + 1 + (-11 - -14 - -2)?
6
Calculate 7 + 2 + -14 + 1 - (1 - 18).
13
Evaluate -7 - (-17 - 2) - (28 + -4).
-12
Calculate 14 - (35 + -12) - (0 - 3).
-6
14 + -45 + 71 + -50
-10
Evaluate (17 + -3 + -8 - 11) + -3 + 1.
-7
What is the value of (29 - (48 + -25)) + (10 - 1)?
15
Evaluate 9 + -5 - (1 - 6).
9
(5 - 7) + (0 - 3) - (-6 + 13)
-12
What is the value of 15 - (39 + -83 + 73)?
-14
What is 1 + -17 - (-458 - -449)?
-7
What is 1 + -5 + 212 + -198?
10
Evaluate -3 + (0 - -1) + -108 + 115 - -18.
23
What is the value of -4 + (8 + 4 - 1)?
7
What is 1 + (3 - -3 - (-44 + 27))?
24
What is the value of 9 + (2 + -23 - (-6 + 8 + 2))?
-16
Calculate 11 + (-2 + 12 - 3 - 2).
16
Calculate 3 + 9 + -6 + -6 + (10 - -4).
14
What is the value of (-2 - -2) + (-18 - (-4 - (12 - 7)))?
-9
Calculate 2 - (26 + -25 + (9 - -2)).
-10
What is the value of -2 - (-11 + 46 + (4 - 20))?
-21
4 - (-8 - -27) - (4 + (-1 - -1))
-19
Calculate -5 - (1 - 13) - (-3 - (-11 + 9)).
8
Calculate 8 + -3 + -27 - -36.
14
What is -22 + 14 - (-3 + -12)?
7
What is the value of -7 + 47 + -63 - (0 + -1)?
-22
Evaluate -47 + 39 - (12 - (8 - (2 - -2))).
-16
What is 7 + -24 + 5 - (3 - 0)?
-15
What is 6 + -22 + (-32 - -45)?
-3
Calculate -8 + 5 + (41 - 27).
11
What is the value of -4 + 1 - 2 - (-39 + 20 - 0)?
14
Calculate -16 - 0 - -3 - ((13 - 25) + 15).
-16
Evaluate -17 + 2 + 13 + -22 + 11.
-13
What is 1 - (-1 + 9 - 11 - 1 - 1)?
6
Evaluate -8 + (3 - 7) - (11 + -19).
-4
(2 - 2) + 0 - (-3 + 0 - -9)
-6
Evaluate -14 + 11 - -16 - 14.
-1
What is the value of (-5 - 2) + 5 - (0 + -4 - -7)?
-5
15 + -6 + -9 + 16
16
Calculate 1 - 1 - (-57 + 43 + (0 - -13)).
1
Calculate (-12 - -22) + -4 - -3.
9
What is the value of 10 - 1 - (-31 + 38 - (0 - -11))?
13
What is the value of (4 - 0) + -36 + 45?
13
What is the value of -11 - (-14 - (13 + -1))?
15
What is 14 + (-2 - 49 - (-13 - -1))?
-25
Evaluate 5 + -12 + (-5 - -1 - -28).
17
(21 + -2 - 24) + (1 - -6)
2
-38 - ((-12 - -12) + (4 + -6 - 7))
-29
Calculate 1 + -2 + -6 + -3 + 39 + -25.
4
What is the value of (-15 + -1 - -10) + 17 - -4?
15
Calculate (29 - 37) + 12 + 0 + -11.
-7
Evaluate 3 - (-3 + 17) - -11.
0
(-20 - (20 - 26)) + 8
-6
Evaluate -35 + 52 - (0 + 36).
-19
-9 - 3 - (-33 + 9)
12
(9 - 11) + -3 + 3 + -5 + 4
-3
What is the value of -6 + (33 + (10 - 6) - -2 - 10)?
23
Evaluate -10 - ((-17 - 1) + 17 + -2).
-7
Evaluate 11 + -5 + (-7 + -2 - -11).
8
Evaluate -22 - (-1 + 2 - (-1 + 10 + -6)).
-20
What is (-14 - 1) + 4 + (0 - -6 - 8)?
-13
Calculate -1 - ((5 - 0) + -2 + 10 + -13).
-1
Calculate (-3 - (-11 + 13 + -11)) + (1 - 1).
6
Calculate 62 + 2 + -49 - (-1 + 31).
-15
Calculate 19 + -11 - (4 - 4 - 0).
8
What is (18 - -32) + -38 + 17?
29
What is the value of (-1 - ((-5 - -26) + -9)) + 5?
-8
Evaluate -231 + 231 + (17 - -1).
18
Evaluate -6 - (-18 - (-8 + 17)).
21
What is -3 - (0 - -11) - -2 - (-40 - -36)?
-8
What is (-9 - (1 - (5 - (-4 + 3)))) + -2?
-6
What is the value of -21 + 4 - (0 - ((-5 - -7) + -3))?
-18
What is 2 - ((0 - (9 + -11 - -7)) + 29)?
-22
Calculate (2 - 6 - -1) + 7 - (0 - -1).
3
Evaluate (-5 - (23 - (8 + 4))) + -10.
-26
Calculate 400 + -406 + (14 - -1) + -2.
7
What is -3 + 11 + (-13 - 14)?
-19
Calculate -3 + (8 + 36 - 32).
9
What is the value of 7 - 6 - (-126 - -163)?
-36
What is the value of -31 + (19 - 2) + 0?
-14
Calculate -4 + (-25 - -24) + 9.
4
-5 + -4 + 7 - -11 - 0
9
Evaluate (-11 - -17) + -6 + 12.
12
-12 + 8 - 3 - (5 + -17)
5
Evaluate 20 - ((22 - -19) + -16).
-5
What is the value of 168 - 152 - (6 + 0)?
10
Calculate 14 + (7 - 15) - (-5 - -1 - -2).
8
Calculate 0 - -28 - (-11 - (20 + -38)).
21
Calculate (38 - 27) + (-3 - -1).
9
Evaluate -2 - -1 - (42 + -35) - -19.
11
-28 - (26 - 79) - 18
7
Calculate 26 - -2 - (-39 + 18 - -35).
14
Evaluate 1 - (-4 + 2) - (131 + -138).
10
What is the value of (-34 - -17) + -2 + (1 - -1) + 0?
-17
8 + 5 + (-4 - 3)
6
What is -2 + 23 + -13 - (-1 + -7 + 0)?
16
Evaluate 9 + (-7 - (-42 - -16)).
28
What is the value of 7 + -1 + -1 + -21 + 7 + 3?
-6
Calculate 28 + (-26 - (-8 - 5)).
15
What is the value of 11 - (-4 + -2) - 0 - (6 + 0)?
11
What is the value of 14 - (-12 + 5 - -8)?
13
Evaluate (4 - -4) + 16 - (2 + 1) - 7.
14
What is the value of (0 - (-27 + 61)) + 58?
24
-38 - (27 - 92 - -19)
8
Evaluate 8 + (-9 - (6 - (-7 + 23 + -3))).
6
Calculate (-32 - (-22 + 2)) + 16.
4
What is the value of 16 + (19 - (-2 - -13) - (-3 + 19))?
8
Calculate -37 + (-21 - -44) + -8.
-22
Calculate ((-11 - -10) + -29 - -6) + 4.
-20
What is the value of -18 - (-66 + 27) - 54?
-33
Calculate 1 + -20 - 10 - -49.
20
5 + (6 - (34 + -1 + -6))
-16
What is 9 - (-5 + (-1 - -2) + (14 - 15))?
14
What is -46 - (27 - 80 - -14)?
-7
Calculate -6 + (15 - (13 - 17)).
13
Evaluate (1 - -1) + (-13 - (-13 - -4)) + 18.
16
-715 - -710 - (1 - -11 - (2 - 2))
-17
Evaluate -5 - (-6 + (17 - (7 + 2 + -7))).
-14
Calculate 11 + (-4 - (-9 + -6 + 9)).
13
What is -6 - (5 + -9 - -8) - -6?
-4
What is -7 + (-12 + 20 - -4)?
5
(25 - 30) + (-9 - -4) + -13
-23
Calculate (-6 - (-2 - (-6 - -6))) + 5 + 0.
1
What is (74 - 16) + -46 + -19 + 0?
-7
Calculate 4 - 0 - (7 + (-22 - -11) + 20).
-12
2 + 0 - (6 + -6 + (11 - 6))
-3
Calculate -3 - ((-5 - -2) + 1 + (14 - 13)).
-2
Evaluate (-9 + 7 - -24) + -39.
-17
What is -9 + (-2 + 1 - (-1 + -6))?
-3
What is (11 - -13) + -23 + -3?
-2
Calculate 14 + 1 + (-18 - -7).
4
(-2 - (2 + -11)) + -7 + -1 + 0
-1
Evaluate 6 + 5 + (-5 - (4 - 1)).
3
What is the value of 27 + -48 + 2 - -16?
-3
Evaluate 12 + 3 + -8 - (-2 - -22).
-13
What is the value of 22 + -10 + 17 + -17?
12
Calculate 13 + -27 + (41 - 20).
7
What is 13 + (6 + 0 + -22 - -8) + 5?
10
Evaluate (-6 - -2) + 0 + -6 + 3.
-7
What is the value of (-8 - -3) + (-75 - -51) - (1 + -13)?
-17
Evaluate -9 - ((2 - 6) + 12).
-17
What is -5 - ((-3 - -31 - 2) + -5)?
-26
What is -8 -